6?
-39b4
In base 3, what is 11121100 + 111011?
12002111
In base 9, what is 2 + 271777?
271780
In base 5, what is -10 + 342131?
342121
In base 4, what is -310 + -3320?
-10230
In base 10, what is 110627 - -17?
110644
In base 11, what is 4 - 16962?
-16959
In base 4, what is -131301 + -111123?
-303030
In base 4, what is -11033 + 321?
-10112
In base 10, what is 5 + 355056?
355061
In base 6, what is 112445 - -14?
112503
In base 8, what is 6451 + 1?
6452
In base 13, what is -1686ca + 1?
-1686c9
In base 5, what is 10 + 2333133?
2333143
In base 14, what is 1bc - -91?
26d
In base 4, what is -20331 - -211?
-20120
In base 11, what is 10 + 3911?
3921
In base 11, what is 38 - -96a?
9a7
In base 2, what is 10011 + 1111101001101?
1111101100000
In base 11, what is 3 - 2633?
-2630
In base 8, what is 1577 - 145?
1432
In base 10, what is 1 - 333468?
-333467
In base 13, what is -11 + -613a?
-614b
In base 4, what is 203123 + -11221?
131302
In base 5, what is 12323410 - -2?
12323412
In base 11, what is 7847 - -2?
7849
In base 12, what is 121900b - 2?
1219009
In base 15, what is a + -1d9?
-1ce
In base 3, what is -100221000 - 101100?
-101022100
In base 15, what is 376641 + -4?
37663c
In base 5, what is -13 + -12244?
-12312
In base 9, what is 48437 - 2?
48435
In base 13, what is 5c9208 + 3?
5c920b
In base 13, what is -8b1 - -335?
-579
In base 11, what is 99a0 + 53?
9a43
In base 14, what is -c9318 + 5?
-c9313
In base 13, what is 52c - 916?
-3b7
In base 5, what is -332 - 2023043?
-2023430
In base 5, what is -14 - -32414?
32400
In base 7, what is 40 - 14450?
-14410
In base 12, what is -5 + 221a1?
22198
In base 4, what is -2110 + -300132?
-302302
In base 16, what is -1966 - 66?
-19cc
In base 3, what is 10012 + -2110110?
-2100021
In base 13, what is -8c8a - -15?
-8c75
In base 9, what is -733 + 57?
-665
In base 8, what is 2 - 16173?
-16171
In base 2, what is -1001 + -101001001101?
-101001010110
In base 16, what is -1d5 - 3c?
-211
In base 5, what is -11 - -4204222?
4204211
In base 6, what is 12321344 - -4?
12321352
In base 2, what is -100101110101000 + 0?
-100101110101000
In base 5, what is 120442233 + -10?
120442223
In base 8, what is 565231 + -1?
565230
In base 10, what is 13 + -2996?
-2983
In base 2, what is -1110 + -1010101101?
-1010111011
In base 3, what is 100001120010 - 0?
100001120010
In base 12, what is -746b - 65?
-7514
In base 6, what is -4144 + -4022?
-12210
In base 14, what is -757 + -5?
-75c
In base 3, what is 1020 + 222000?
1000020
In base 10, what is -19747 + -5?
-19752
In base 5, what is 13431 + 323?
14304
In base 5, what is -14034440 - 21?
-14040011
In base 8, what is 45615 - -4?
45621
In base 15, what is -1926 + 7?
-191e
In base 3, what is 0 - 11010010022?
-11010010022
In base 8, what is 0 + -1461522?
-1461522
In base 15, what is -2eb62 - 0?
-2eb62
In base 2, what is 0 + -1011000001011?
-1011000001011
In base 5, what is 204111 + 1?
204112
In base 12, what is 2 + -b16?
-b14
In base 13, what is -112c - 70?
-119c
In base 7, what is 1515640 - 5?
1515632
In base 16, what is -12 - 39e?
-3b0
In base 16, what is 4 + -32457?
-32453
In base 11, what is 13a - 1?
139
In base 3, what is -100 + 211022211112?
211022211012
In base 9, what is -86004 - -13?
-85881
In base 9, what is 3422 - -13?
3435
In base 12, what is 5 - -18a53b?
18a544
In base 15, what is 74e3 - -5?
74e8
In base 14, what is 3 - 51a3?
-51a0
In base 3, what is -212100002 - 201?
-212100210
In base 12, what is 1 + 177?
178
In base 7, what is 12223 + 420?
12643
In base 10, what is 0 - -196886?
196886
In base 3, what is 2012110111211 - 2?
2012110111202
In base 15, what is -2d - 16bba?
-16be8
In base 3, what is -10111212100 - 112?
-10111212212
In base 16, what is 69 - -e5?
14e
In base 7, what is 1642 + 65?
2040
In base 2, what is 1 - 111110010110110?
-111110010110101
In base 16, what is -8 + 1061?
1059
In base 9, what is 488 - -511?
1110
In base 2, what is -101010001 + -10100011101?
-11001101110
In base 2, what is 1111010110010 + 11111?
1111011010001
In base 16, what is 8 - 86d6?
-86ce
In base 7, what is 10 + 55564?
55604
In base 4, what is 2103123 - -210?
2103333
In base 2, what is 111110110111010 + 11001?
111110111010011
In base 5, what is -323431313 + 4?
-323431304
In base 4, what is -203 + 21221223?
21221020
In base 14, what is 2 - -713bc?
713c0
In base 6, what is -15 + -2000?
-2015
In base 2, what is 1000011 + -10110100?
-1110001
In base 10, what is 38 + -4505?
-4467
In base 9, what is -15148 + -17?
-15166
In base 15, what is 2 + -b4143?
-b4141
In base 12, what is -1a0b1 - 4?
-1a0b5
In base 13, what is -52 - -5237?
51b5
In base 9, what is 1032 + -1468?
-436
In base 13, what is 30 + 219?
249
In base 10, what is 41154 + 3?
41157
In base 16, what is -119c + -2a?
-11c6
In base 13, what is 6 - 44809?
-44803
In base 13, what is 6a - -c239?
c2a6
In base 9, what is 73 + 664?
747
In base 5, what is -4 + -143202?
-143211
In base 12, what is 2 + -b40b?
-b409
In base 11, what is 51288 + -7?
51281
In base 5, what is -4234341 + -3?
-4234344
In base 14, what is 47b8 - a?
47ac
In base 2, what is 1100111010 - -1101101?
1110100111
In base 3, what is 102 + 2012210101?
2012210210
In base 12, what is -16a - -30?
-13a
In base 10, what is 165 + 1648?
1813
In base 7, what is 3 + -30604?
-30601
In base 11, what is 9 + 15812?
15820
In base 10, what is -17 + -374599?
-374616
In base 12, what is 7075 - -a1?
7156
In base 16, what is 4 - -13fb?
13ff
In base 4, what is 32323211203 + -3?
32323211200
In base 6, what is -1 + 243153?
243152
In base 8, what is -4135343 - 5?
-4135350
In base 15, what is b44da + -1?
b44d9
In base 14, what is -4 - -8706?
8702
In base 10, what is 55859 + 2?
55861
In base 16, what is a7 - b71?
-aca
In base 10, what is 3726 + 245?
3971
In base 7, what is -305 - 500?
-1105
In base 14, what is -7 + -15c?
-165
In base 9, what is 21 + -14111?
-14080
In base 16, what is -1af - 34?
-1e3
In base 16, what is -51 - -379f?
374e
In base 2, what is 11 - -10111100111101011?
10111100111101110
In base 15, what is -59 + e385?
e32b
In base 15, what is -a - -82d?
823
In base 7, what is -126030 + 16?
-126011
In base 8, what is -36355 - 5?
-36362
In base 2, what is -1100011100110110010 - -110?
-1100011100110101100
In base 15, what is -9e - cc1b?
-ccba
In base 5, what is -220203314 - 4?
-220203323
In base 11, what is -7 - -6701?
66a5
In base 14, what is 6 + -41dd?
-41d7
In base 8, what is 3 + -4572?
-4567
In base 9, what is -433658 - -12?
-433646
In base 11, what is -1 - -16317?
16316
In base 6, what is 5220452 - 31?
5220421
In base 12, what is 7b385 + 3?
7b388
In base 14, what is 1 + -d9c23?
-d9c22
In base 12, what is -50 + -6834?
-6884
In base 2, what is 10110001111 + 111?
10110010110
In base 9, what is -112 + -60?
-172
In base 14, what is 414 - -1ab4?
20c8
In base 16, what is 123 + -1d3?
-b0
In base 14, what is 1 - -5bc1?
5bc2
In base 2, what is 101110111111000 + -1?
101110111110111
In base 16, what is 8 + 45f8?
4600
In base 8, what is -11 - 644602?
-644613
In base 11, what is -267 - -497?
230
In base 14, what is -113216 - 1?
-113217
In base 12, what is 958 - -14?
970
In base 3, what is 11 - -1000020220?
1000021001
In base 13, what is 1bc960 - 4?
1bc959
In base 16, what is 9 + -6ac?
-6a3
In base 6, what is -551 + -301?
-1252
In base 12, what is -5 - 1a8b?
-1a94
In base 9, what is 36053 - 4?
36048
In base 16, what is -37 - 148b?
-14c2
In base 5, what is 243233 - -10?
243243
In base 11, what is -4 + 9a1839?
9a1835
In base 2, what is 11110111 - -1001011?
101000010
In base 9, what is 66 + -27854?
-27777
In base 12, what is -3 - -41821?
4181a
In base 9, what is 3080 + 3?
3083
In base 3, what is 1002200 + -2101?
1000022
In base 16, what is 9f8bdc - 4?
9f8bd8
In base 3, what is -10121 + 2012001?
2001110
In base 7, what is 1353 - 62?
1261
In base 3, what is -201112 + -1001220?
-1210102
In base 12, what is 20 - 27365?
-27345
In base 5, what is -23104 + 103?
-23001
In base 5, what is -34 - 121411?
-122000
In base 11, what is -2532a + 0?
-2532a
In base 13, what is c - bc5ac?
-bc5a0
In base 10, what is 14 + 651?
665
In base 7, what is 6300522 - -3?
6300525
In base 16, what is -5c596 + -d?
-5c5a3
In base 10, what is 5 + -77427?
-77422
In base 2, what is 10100000010 + -1001?
10011111001
In base 7, what is 14 + -12425?
-12411
In base 6, what i